{"batchcomplete":"","continue":{"rccontinue":"20260827190719|4680","continue":"-||"},"query":{"recentchanges":[{"type":"edit","ns":0,"title":"Stadtfest 1929","pageid":122,"revid":4473,"old_revid":4358,"rcid":4691,"timestamp":"2026-09-04T17:22:29Z"},{"type":"log","ns":0,"title":"Friedrich von Saarwerden (Erzbischof)","pageid":1235,"revid":0,"old_revid":0,"rcid":4690,"timestamp":"2026-09-04T17:19:20Z"},{"type":"edit","ns":0,"title":"Friedrich von Saarwerden","pageid":266,"revid":4472,"old_revid":290,"rcid":4689,"timestamp":"2026-09-04T17:18:49Z"},{"type":"edit","ns":0,"title":"Dietrich von Moers","pageid":363,"revid":4470,"old_revid":4469,"rcid":4687,"timestamp":"2026-09-04T15:25:21Z"},{"type":"edit","ns":0,"title":"Dietrich von Moers","pageid":363,"revid":4469,"old_revid":4468,"rcid":4686,"timestamp":"2026-09-04T15:20:19Z"},{"type":"edit","ns":0,"title":"Dietrich von Moers","pageid":363,"revid":4468,"old_revid":4466,"rcid":4685,"timestamp":"2026-09-04T15:14:22Z"},{"type":"new","ns":14,"title":"Kategorie:Bisch\u00f6fe und Erzbisch\u00f6fe von K\u00f6ln","pageid":1450,"revid":4467,"old_revid":0,"rcid":4684,"timestamp":"2026-09-04T15:12:47Z"},{"type":"edit","ns":0,"title":"Dietrich von Moers","pageid":363,"revid":4466,"old_revid":986,"rcid":4683,"timestamp":"2026-09-04T15:12:27Z"},{"type":"edit","ns":0,"title":"Kapelle \"Maria von den Engeln\"","pageid":213,"revid":4465,"old_revid":4423,"rcid":4682,"timestamp":"2026-08-29T09:02:45Z"},{"type":"edit","ns":0,"title":"Jost Auler","pageid":85,"revid":4464,"old_revid":4422,"rcid":4681,"timestamp":"2026-08-29T08:46:41Z"}]}}

Kategorie:Bischöfe und Erzbischöfe von Köln
